et p(a) = a**3 + a - 1. Let z be ((-24)/(-3 - -1))/1. Suppose t + 2*t = z. Let l(y) = t*p(y) + c(y). Calculate l(5).
-2
Let t be 2 - ((-3)/1 - -3). Let p(s) = t - 15*s - 19*s + 29*s. What is p(-4)?
22
Suppose -4*b - 3*n = -40, -4*b + 0*n + 40 = -4*n. Let m(t) = -b*t**2 - 9 + t + 9. Suppose 0*g - 3 = -w + g, 9 = -5*w - g. Give m(w).
-11
Let k be (-2)/(-3)*-26*9/(-12). Suppose -k = t - 6. Let r(f) = 5 - f**3 + 2*f**3 + 6*f**2 - 6*f - 2. Give r(t).
-4
Let c(x) = -x**3 + 0*x**3 + 17 - 5*x + 12 - 4*x**2 + 9*x**2 - 27. What is c(3)?
5
Suppose 0 = -5*g - 3*m + 32, -2*m + 4*m = -g + 12. Let j(o) = -o**3 + 4*o**2 + 6*o - 4. Let v be j(g). Let w = 20 - v. Let f(r) = r**3 - r**2 - 3. Give f(w).
-3
Let m(l) = -3*l**2 + 8*l - 7. Let x be m(2). Let z(r) be the third derivative of r**6/120 + r**5/15 - r**3/3 + 2*r**2. What is z(x)?
7
Let s(n) = -18*n**2 - 13*n**3 + 11*n**3 + 6*n**2. Let z be s(-6). Let w(u) = -u - 7. Calculate w(z).
-7
Let i(m) = 5*m - 4. Let x(t) = -2 + 9*t - 1 + 0 - 4. Let l(c) = 7*i(c) - 4*x(c). Let b = 31 + -26. What is l(b)?
-5
Let v(h) be the first derivative of 3/2*h**2 - h**3 - 5 - 6*h + 1/12*h**4. Let n(s) be the first derivative of v(s). Calculate n(4).
-5
Let b(w) = -w + 14. Let z(r) = -3*r + 33. Let l(k) = -5*b(k) + 2*z(k). Give l(8).
-12
Let o = -1185 - -1184. Let u(i) = -6*i**2 - 2*i - 3. What is u(o)?
-7
Let c(i) = 3*i - 2. Let a(k) = -2*k**3 + 9*k**2 + 2*k + 11. Let t be a(5). Calculate c(t).
-14
Suppose 0 = -22*r - 3*r - 150. Let v(n) = 14 + 8*n - 11 - n**2 + 2*n**2. Give v(r).
-9
Let g = 35 - 7. Let o(n) = 18 - g + 14 - 2*n. Suppose -27 = -4*h - 11. What is o(h)?
-4
Let q(j) = -3*j**3 - 13*j**3 - j**3 + 19*j**3 - 6*j - 3*j**3 + 6*j**2. Let a = -4 - -8. Give q(a).
8
Let r = -98 - -103. Let i(m) = -m**3 + 4*m**2 + 3*m. Calculate i(r).
-10
Let j(f) = -3*f**3 + f**2. Let t be (10/8)/(7/84). Suppose 0 = -3*h + w, -7*w + t = -2*w. Give j(h).
-2
Suppose -x - 3 = 98*t - 101*t, 2*x = 4*t. Let h(c) = -c**3 + 5*c**2 + 12*c - 1. Give h(x).
35
Let x(z) = -8*z + 6*z - 1 - z. Give x(1).
-4
Let b(n) = -2*n - 11. Suppose -9*g = -30*g - 105. Give b(g).
-1
Suppose 4*s = -5*b - 0*s + 18, 0 = 3*b + 5*s - 16. Suppose -9 = -2*p - g, 4*p - 2*g + b = -0*p. Let k(r) = 5*r - 2 - 15*r**p + 5*r**2 + 8*r**2. Determine k(3).
-5
Let d = 89 + -100. Let a(h) = h**2 + 10*h - 2. Let w(l) = 3*l**2 + 30*l - 7. Let u(p) = -8*a(p) + 3*w(p). Calculate u(d).
6
Suppose 17*q - 142 + 23 = 0. Let c(s) = -s - 5. Calculate c(q).
-12
Let b(z) = -2*z - 20. Let j(o) = o + 8. Let l(m) = -2*b(m) - 5*j(m). Suppose -4 = 2*w + 6. What is l(w)?
5
Suppose 4*s = j + 14, -j + 0*j - 3*s + 14 = 0. Let i(v) = -1 + v**2 + j - 5*v**2 + 0. Determine i(1).
-3
Let m(s) = 7*s**3 + 3*s**2 - 4*s + 8. Let x(p) = 3*p**3 - p + 1. Let k(i) = m(i) - 3*x(i). Determine k(3).
-25
Let a(g) = g**2 - 15. Let t(f) = -f**3 - 5*f**2 - 6*f - 4. Let y be t(-3). Let w(n) = -n**2 + 15. Let m(r) = y*a(r) - 3*w(r). Give m(0).
15
Let z(m) = m**3 - 2*m**2 - m - 2. Let y(k) = -3*k**3 + 19*k**2 + 6*k + 11. Let u(r) = -y(r) - 5*z(r). What is u(-4)?
-13
Let u(h) = -h + 1. Let x be u(-1). Let t(v) = -x + 3*v**2 - 7*v**2 + 5 - v**3. Suppose 1065*y + c = 1066*y - 2, -30 = 5*c. What is t(y)?
3
Let l(g) = 5*g + 3*g + 7 - 9*g. Give l(0).
7
Let y(a) = -2 - 19*a**2 + 3 + 2*a**2. Suppose -x = 3*c - 1, 19 = 18*c - 17*c + 5*x. Calculate y(c).
-16
Let k(s) = -5*s + 3. Let l(o) = 11*o - 5. Let m(i) = 9*k(i) + 4*l(i). Let u(d) = 2*d**3 - 11*d**2 + 3*d + 10. Let g be u(5). What is m(g)?
7
Let y(w) be the second derivative of w**3 - 2*w**2 + 3 - 2 - 1 - 13*w. Calculate y(4).
20
Let z be (2 + 12 - 1)/(-1). Let v = -12 - z. Let u(i) = 5*i + v + i - 3*i - 2*i. What is u(1)?
2
Let l = -6 - -9. Suppose l*v - 2 - 4 = 0. Let c(h) = -h + 0 - 2 + v. Give c(6).
-6
Let s(k) be the third derivative of k**7/2520 - k**6/360 + k**5/60 + 2*k**2. Let g(r) be the third derivative of s(r). Let a = 391 + -388. Give g(a).
4
Suppose -4*z = -2*j - 0*z - 12, 5*j - 5*z = -10. Suppose 10 = 2*p - j. Let k(h) = -h + 13. What is k(p)?
7
Suppose -i = -4*h + 2*h - 37, 56 = -3*h + i. Let o = h - -24. Let q(p) = 18 + 4*p - 8 - o - 2 + p**2. Calculate q(-3).
0
Let v(f) be the first derivative of 13*f**4/4 + f**3/3 - 328. Let c be 6 + 0 - (2 + -1). Suppose -n - 2 = -c*n - 3*j, -6 = 2*n - 2*j. Determine v(n).
-12
Suppose -5*w - 3*j = 80, -16*j - 32 = 2*w - 17*j. Let y(h) = h**3 + 17*h**2 + 14*h - 28. What is y(w)?
4
Let b(f) = -6*f**3 + 1. Let v(o) = o**2 - 17*o - 109. Let m be v(-5). What is b(m)?
-5
Let w(r) = 2 + r + r**2 - 5 + r. Let i be (-84)/(-7)*(-2)/(-4). Let z be (-22)/5 - i/(-15). Determine w(z).
5
Let q(u) = 3*u. Let w(o) be the third derivative of o**4/2 - o**3/6 - 14*o**2. Let c(d) = -9*q(d) + 2*w(d). What is c(-3)?
7
Let i = -18 + 13. Let p = i + 12. Let u(y) = 7*y**3 - 24*y**2 - 13*y - 10. Let v(o) = o**3 - 3*o**2 - o - 1. Let l(g) = u(g) - 6*v(g). Determine l(p).
-4
Let h(w) = 4*w**2 + w. Suppose 1 = -3*j + 5*d + 2, 0 = -2*j - 5*d + 9. Let i be (-4)/8 + j/4 + -1. Determine h(i).
3
Let x(r) be the first derivative of r**4/4 + 3*r**3 - 11*r**2/2 + 11*r + 659. What is x(-10)?
21
Let h(p) = p**3 - 5*p**2 + 3*p - 4. Suppose -4*f + 98 = 3*f. Let o be (8/f)/(7/49). Calculate h(o).
-8
Let d(t) be the third derivative of t**4/12 - 13*t**3/6 - 13*t**2 + 1. What is d(7)?
1
Let i(u) be the second derivative of 0 - 3/2*u**2 + 15*u - 1/6*u**3. What is i(-4)?
1
Let s be 144/60*(-40)/(-12). Let v(o) = -o**3 + 6*o**2 + 15*o + 6. Determine v(s).
-2
Suppose 5*c - a - 48 = 0, 0 = c - 2*a - 2 - 4. Let f(m) = -4*m - 3. Let k(b) = -b - 1. Let g(u) = c*k(u) - 2*f(u). Determine g(-3).
2
Let f(p) = -p**3 + 3*p**2 + 4*p - 5. Let h be ((1 - 18)*(0 - 1))/1. Suppose -q + h = 13. Give f(q).
-5
Let v(j) = 4*j**2 + 3*j**3 - 7*j**2 + 2 + 2*j**2. Let q(i) = -2*i**3 + i**2 - 1. Let x(c) = -5*q(c) - 3*v(c). Determine x(3).
8
Let a(u) = -5*u**3 + 5*u**2 - 9*u - 4. Let q(p) = -3*p**3 + 3*p**2 - 6*p - 3. Let y(v) = 5*a(v) - 8*q(v). Determine y(3).
-5
Let u(a) be the third derivative of -a**5/60 + a**3/6 + 27*a**2. Calculate u(-1).
0
Let b(u) = 2*u - 23. Let o be 1 + 17 + 35/(-7). Calculate b(o).
3
Let n(q) = -4*q - 145. Let g be n(-35). Let b(p) = -p**3 - 4*p**2 + 5*p - 10. What is b(g)?
-10
Let m(r) = -62 + 61 - 12*r**3 + 8*r**3 + 2*r**3 + r. What is m(1)?
-2
Suppose -3*k - 2*q = -7*q - 27, 23 = 2*k - 5*q. Let v(r) = -3*r + 8. Give v(k).
-4
Let a(s) be the first derivative of -s**4/4 - 2*s**3/3 - 2*s - 100. What is a(-2)?
-2
Suppose -v - 10 = -4*m + 1, -4*v + 20 = 0. Let t = 6 + 0. Let u(b) = 0*b - m*b + t*b + 2*b. Determine u(-2).
-8
Let k(w) be the third derivative of w**6/10 + w**5/60 + w**4/24 - w**3/6 + 38*w**2 + 2. Calculate k(1).
13
Suppose -2*h = -a - 166, 0 = h + 3*h + 4*a - 320. Let c = 76 - h. Let t(q) = q**2 + 8*q + 7. What is t(c)?
-5
Let t be (7/14)/((-1)/12). Let s be (t - -6)/(-2 - -1). Let o be 2/4*s/9. Let f(a) = -a. Determine f(o).
0
Let x(w) = 14*w + 47. Let h(s) = 3*s + 11. Let b(d) = -4*h(d) + x(d). Let q(y) be the second derivative of y**3/6 + 2*y**2 + 2*y. Let v be q(0). Calculate b(v).
11
Let c(s) = 73*s**2 - 34 - 75*s**2 + 21 - 2*s + s**3. Calculate c(0).
-13
Let n(u) = -u**3 + 10*u - 108 + 111 - 5*u**2 - 3*u. Let r(k) = k**2 + 4*k - 2. Let i be r(-5). Let b be (2/i)/(4/(-36)). Calculate n(b).
-3
Let t(m) = 2*m + 29. Let l be t(-12). Let g = l - 10. Let x(u) = 2*u + 2. Determine x(g).
-8
Let w(f) = 6*f + 4 - 7*f - 3. Suppose -3*g + 411 = 390. Determine w(g).
-6
Let u(o) be the first derivative of -3*o**2/2 + 9*o + 787. Let r(p) = -p**2 - 5*p + 2. Let g be r(-4). Determine u(g).
-9
Let z = 208 - 213. Let v(x) = x**3 + 4*x**2 - 3*x - 7. Determine v(z).
-17
Suppose 0 = -47*g - 374 - 143. Let d(o) = -o**2 - 13*o - 13. Determine d(g).
9
Let j(v) = v**3 + 4*v**2 - 7 + 4*v**2 - 18*v**2 + 3*v**2 - 6*v. Determine j(8).
9
Let w = 35 + -34. Let a(t) = -t + w + t + 1 + 3*t. What is a(-4)?
-10
Let i(s) = -s + 3*s - 3 + 6 - 11*s. Let u be 9 + 0 - 4/2. Let c(y) = -4*y + 2. Let h(p) = u*c(p) - 3*i(p). What is h(0)?
5
Let y(v) be the first derivative of v**3/3 + 7*v**2 + 9*v - 648. Calculate y(-9).
-36
Let b(v) = -v**3 - 9*v**2 + 6. Let i = 6 + -15. Let d be b(i). Suppose 2*r = r + d. Let k(s) = s**3 - 6*s**2 - s + 7. Give k(r).
1
Let a(y) = 4*y**2 - 14*y - 23. Let c(f) = -f**2